6255?
0
What is the units digit of 21430839?
9
What is the units digit of 15421991?
1
What is the tens digit of 4927269?
6
What is the hundred thousands digit of 4346160?
3
What is the thousands digit of 1995788?
5
What is the thousands digit of 3315255?
5
What is the tens digit of 129143?
4
What is the hundred thousands digit of 2243595?
2
What is the tens digit of 37261039?
3
What is the thousands digit of 2506704?
6
What is the units digit of 110244?
4
What is the units digit of 3093168?
8
What is the units digit of 6414669?
9
What is the hundred thousands digit of 195152?
1
What is the thousands digit of 614666?
4
What is the ten thousands digit of 2911240?
1
What is the hundreds digit of 286664?
6
What is the ten millions digit of 10699092?
1
What is the units digit of 213635?
5
What is the hundreds digit of 372249?
2
What is the hundred thousands digit of 7392185?
3
What is the ten thousands digit of 6853821?
5
What is the hundred thousands digit of 737410?
7
What is the ten thousands digit of 237694?
3
What is the hundreds digit of 2533579?
5
What is the thousands digit of 2668458?
8
What is the hundreds digit of 372332?
3
What is the units digit of 492092?
2
What is the thousands digit of 622039?
2
What is the hundreds digit of 334854?
8
What is the tens digit of 150507?
0
What is the thousands digit of 258176?
8
What is the units digit of 5549192?
2
What is the hundreds digit of 180414?
4
What is the hundreds digit of 830050?
0
What is the hundred thousands digit of 582995?
5
What is the units digit of 39202200?
0
What is the ten thousands digit of 1446092?
4
What is the hundred thousands digit of 1552924?
5
What is the hundreds digit of 440984?
9
What is the thousands digit of 557669?
7
What is the units digit of 1788217?
7
What is the hundred thousands digit of 441610?
4
What is the units digit of 675963?
3
What is the tens digit of 184919?
1
What is the hundred thousands digit of 189986?
1
What is the ten thousands digit of 129610?
2
What is the units digit of 127873?
3
What is the hundred thousands digit of 1304218?
3
What is the thousands digit of 201680?
1
What is the units digit of 70132?
2
What is the units digit of 7557?
7
What is the ten thousands digit of 18188?
1
What is the hundred thousands digit of 800454?
8
What is the ten thousands digit of 153855?
5
What is the ten thousands digit of 275774?
7
What is the thousands digit of 3258643?
8
What is the hundreds digit of 137800?
8
What is the thousands digit of 927762?
7
What is the ten thousands digit of 554455?
5
What is the hundred thousands digit of 2277889?
2
What is the units digit of 2400483?
3
What is the hundred thousands digit of 1309966?
3
What is the thousands digit of 223320?
3
What is the units digit of 10568444?
4
What is the tens digit of 1268835?
3
What is the hundreds digit of 226397?
3
What is the units digit of 830111?
1
What is the tens digit of 2884412?
1
What is the ten thousands digit of 635459?
3
What is the units digit of 657087?
7
What is the units digit of 358017?
7
What is the thousands digit of 441730?
1
What is the ten thousands digit of 1019467?
1
What is the units digit of 26626384?
4
What is the ten thousands digit of 3085315?
8
What is the tens digit of 1027996?
9
What is the hundred thousands digit of 2841265?
8
What is the hundreds digit of 515421?
4
What is the millions digit of 7514773?
7
What is the hundred thousands digit of 13474992?
4
What is the thousands digit of 5530305?
0
What is the hundred thousands digit of 129805?
1
What is the thousands digit of 714864?
4
What is the hundreds digit of 2447239?
2
What is the units digit of 51246?
6
What is the hundreds digit of 206925?
9
What is the units digit of 154672?
2
What is the hundreds digit of 5266946?
9
What is the ten millions digit of 21204365?
2
What is the units digit of 6813216?
6
What is the thousands digit of 454876?
4
What is the hundred thousands digit of 825147?
8
What is the hundreds digit of 138557?
5
What is the units digit of 898179?
9
What is the ten thousands digit of 22385?
2
What is the tens digit of 352055?
5
What is the thousands digit of 7120559?
0
What is the millions digit of 5652392?
5
What is the thousands digit of 512736?
2
What is the hundreds digit of 655072?
0
What is the hundred thousands digit of 2772657?
7
What is the ten thousands digit of 3833472?
3
What is the units digit of 115398?
8
What is the ten thousands digit of 3426858?
2
What is the tens digit of 18479583?
8
What is the ten thousands digit of 311392?
1
What is the thousands digit of 119893?
9
What is the hundreds digit of 2745403?
4
What is the tens digit of 2926536?
3
What is the hundred thousands digit of 22610403?
6
What is the hundreds digit of 2393461?
4
What is the ten thousands digit of 1282455?
8
What is the thousands digit of 2519593?
9
What is the thousands digit of 204920?
4
What is the hundreds digit of 262100?
1
What is the hundred thousands digit of 233492?
2
What is the units digit of 24643245?
5
What is the hundred thousands digit of 205082?
2
What is the millions digit of 6847675?
6
What is the tens digit of 240719?
1
What is the tens digit of 2411?
1
What is the tens digit of 503550?
5
What is the units digit of 123602?
2
What is the millions digit of 1042102?
1
What is the thousands digit of 13401813?
1
What is the hundred thousands digit of 286320?
2
What is the ten thousands digit of 5478544?
7
What is the hundred thousands digit of 1200543?
2
What is the millions digit of 2445488?
2
What is the millions digit of 1134570?
1
What is the ten thousands digit of 2389216?
8
What is the thousands digit of 414833?
4
What is the tens digit of 3417609?
0
What is the hundred thousands digit of 2701735?
7
What is the millions digit of 5394294?
5
What is the hundreds digit of 7738667?
6
What is the units digit of 462968?
8
What is the ten thousands digit of 1694025?
9
What is the hundreds digit of 2994097?
0
What is the hundred thousands digit of 6319651?
3
What is the ten thousands digit of 508643?
0
What is the thousands digit of 1877104?
7
What is the ten thousands digit of 3852400?
5
What is the thousands digit of 30798471?
8
What is the ten thousands digit of 980962?
8
What is the hundred thousands digit of 136937?
1
What is the hundred thousands digit of 707784?
7
What is the thousands digit of 29368057?
8
What is the hundreds digit of 18129119?
1
What is the hundreds digit of 6468834?
8
What is the units digit of 16679223?
3
What is the units digit of 2564059?
9
What is the tens digit of 16184804?
0
What is the tens digit of 801214?
1
What is the hundreds digit of 165859?
8
What is the units digit of 3324687?
7
What is the hundred thousands digit of 23285922?
2
What is the hundreds digit of 289785?
7
What is the thousands digit of 51182?
1
What is the units digit of 3108730?
0
What is the hundred thousands digit of 464613?
4
What is the hundreds digit of 5858?
8
What is the units digit of 10592480?
0
What is the tens digit of 496653?
5
What is the thousands digit of 8274936?
4
What is the units digit of 1891810?
0
What is the thousands digit of 2301918?
1
What is the tens digit of 7108?
0
What is the thousands digit of 453490?
3
What is the units digit of 135838?
8
What is the ten thousands digit of 35860?
3
What is the tens digit of 10097063?
6
What is the millions digit of 20529874?
0
What is the ten thousands digit of 36831778?
3
What is the tens digit of 10555996?
9
What is the millions digit of 5001634?
5
What is the millions digit of 3939033?
3
What is the units digit of 136364?
4
What is the hundreds digit of 468204?
2
What is the tens digit of 460001?
0
What is the ten thousands digit of 85379?
8
What is the units digit of 22655756?
6
What is the tens digit of 20349270?
7
What is the hundreds digit of 441761?
7
What is the hundreds digit of 17277579?
5
What is the tens digit of 67236?
3
What is the ten thousands digit of 535666?
3
What is the tens digit of 1346942?
4
What is the units digit of 348945?
5
What is the units digit of 4726187?
7
What is the hundreds digit of 2629587?
5
What is the hundred thousands digit of 1328164?
3
What is the hundred thousands digit of 383224?
3
What is the ten thousands digit of 625732?
2
What is the hundred thousands digit 